{"id":122,"date":"2022-12-21T17:49:29","date_gmt":"2022-12-21T16:49:29","guid":{"rendered":"https:\/\/guillaume-photographiie.go.yj.fr\/?page_id=122"},"modified":"2024-01-17T21:57:50","modified_gmt":"2024-01-17T20:57:50","slug":"accueil","status":"publish","type":"page","link":"https:\/\/guillaume-photographiie.fr\/","title":{"rendered":"Accueil"},"content":{"rendered":"\t\t<div data-elementor-type=\"wp-page\" data-elementor-id=\"122\" class=\"elementor elementor-122\">\n\t\t\t\t\t\t<section class=\"elementor-section elementor-top-section elementor-element elementor-element-7cab1456 elementor-section-boxed elementor-section-height-default elementor-section-height-default\" data-id=\"7cab1456\" data-element_type=\"section\" data-e-type=\"section\">\n\t\t\t\t\t\t<div class=\"elementor-container elementor-column-gap-default\">\n\t\t\t\t\t<div class=\"elementor-column elementor-col-100 elementor-top-column elementor-element elementor-element-4bd2c7d\" data-id=\"4bd2c7d\" data-element_type=\"column\" data-e-type=\"column\">\n\t\t\t<div class=\"elementor-widget-wrap elementor-element-populated\">\n\t\t\t\t\t\t<div class=\"elementor-element elementor-element-44cd4bb2 elementor-widget elementor-widget-text-editor\" data-id=\"44cd4bb2\" data-element_type=\"widget\" data-e-type=\"widget\" data-widget_type=\"text-editor.default\">\n\t\t\t\t<div class=\"elementor-widget-container\">\n\t\t\t\t\t\t\t\t\t<style type=\"text\/css\"><\/style>\n\t\t\t\t\t\t\t\t<\/div>\n\t\t\t\t<\/div>\n\t\t\t\t<div class=\"elementor-element elementor-element-dcb3a3d elementor-widget elementor-widget-text-editor\" data-id=\"dcb3a3d\" data-element_type=\"widget\" data-e-type=\"widget\" data-widget_type=\"text-editor.default\">\n\t\t\t\t<div class=\"elementor-widget-container\">\n\t\t\t\t\t\t\t\t\t<h3>Je vous partage ma passion pour la photo en vous partageant mes clich\u00e9s pris lors de concours pour vous cr\u00e9er de solides souvenirs et pourvoir vous rem\u00e9morer ces moments de complicit\u00e9 avec nos amis les chevaux.<\/h3>\t\t\t\t\t\t\t\t<\/div>\n\t\t\t\t<\/div>\n\t\t\t\t<div class=\"elementor-element elementor-element-87fe0f9 elementor-widget elementor-widget-image\" data-id=\"87fe0f9\" data-element_type=\"widget\" data-e-type=\"widget\" data-widget_type=\"image.default\">\n\t\t\t\t<div class=\"elementor-widget-container\">\n\t\t\t\t\t\t\t\t\t\t\t\t\t\t\t<img fetchpriority=\"high\" decoding=\"async\" width=\"621\" height=\"1024\" src=\"https:\/\/guillaume-photographiie.fr\/wp-content\/uploads\/2022\/12\/IMG_0738-Six-2-1-621x1024.jpg\" class=\"attachment-large size-large wp-image-316\" alt=\"\" srcset=\"https:\/\/guillaume-photographiie.fr\/wp-content\/uploads\/2022\/12\/IMG_0738-Six-2-1-621x1024.jpg 621w, https:\/\/guillaume-photographiie.fr\/wp-content\/uploads\/2022\/12\/IMG_0738-Six-2-1-182x300.jpg 182w, https:\/\/guillaume-photographiie.fr\/wp-content\/uploads\/2022\/12\/IMG_0738-Six-2-1-600x989.jpg 600w, https:\/\/guillaume-photographiie.fr\/wp-content\/uploads\/2022\/12\/IMG_0738-Six-2-1.jpg 700w\" sizes=\"100vw\" \/>\t\t\t\t\t\t\t\t\t\t\t\t\t\t\t<\/div>\n\t\t\t\t<\/div>\n\t\t\t\t\t<\/div>\n\t\t<\/div>\n\t\t\t\t\t<\/div>\n\t\t<\/section>\n\t\t\t\t<section class=\"elementor-section elementor-top-section elementor-element elementor-element-795809f elementor-section-boxed elementor-section-height-default elementor-section-height-default\" data-id=\"795809f\" data-element_type=\"section\" data-e-type=\"section\">\n\t\t\t\t\t\t<div class=\"elementor-container elementor-column-gap-default\">\n\t\t\t\t\t<div class=\"elementor-column elementor-col-100 elementor-top-column elementor-element elementor-element-65fe7b0\" data-id=\"65fe7b0\" data-element_type=\"column\" data-e-type=\"column\">\n\t\t\t<div class=\"elementor-widget-wrap elementor-element-populated\">\n\t\t\t\t\t\t<div class=\"elementor-element elementor-element-0ecf331 elementor-widget elementor-widget-wp-widget-wpzoom_instagram_widget\" data-id=\"0ecf331\" data-element_type=\"widget\" data-e-type=\"widget\" data-widget_type=\"wp-widget-wpzoom_instagram_widget.default\">\n\t\t\t\t<div class=\"elementor-widget-container\">\n\t\t\t\t\t<h5>Derni\u00e8res publications Instagram<\/h5>\t\t\t\t<\/div>\n\t\t\t\t<\/div>\n\t\t\t\t\t<\/div>\n\t\t<\/div>\n\t\t\t\t\t<\/div>\n\t\t<\/section>\n\t\t\t\t<\/div>\n\t\t","protected":false},"excerpt":{"rendered":"<p>Je vous partage ma passion pour la photo en vous partageant mes clich\u00e9s pris lors de concours pour vous cr\u00e9er de solides souvenirs et pourvoir vous rem\u00e9morer ces moments de complicit\u00e9 avec nos amis les chevaux.<\/p>\n","protected":false},"author":1,"featured_media":0,"parent":0,"menu_order":0,"comment_status":"closed","ping_status":"closed","template":"page-templates\/homepage-builder-bb.php","meta":{"inspiro_hide_title":false,"footnotes":""},"class_list":["post-122","page","type-page","status-publish","hentry"],"featured_media_urls":[],"_links":{"self":[{"href":"https:\/\/guillaume-photographiie.fr\/index.php\/wp-json\/wp\/v2\/pages\/122","targetHints":{"allow":["GET"]}}],"collection":[{"href":"https:\/\/guillaume-photographiie.fr\/index.php\/wp-json\/wp\/v2\/pages"}],"about":[{"href":"https:\/\/guillaume-photographiie.fr\/index.php\/wp-json\/wp\/v2\/types\/page"}],"author":[{"embeddable":true,"href":"https:\/\/guillaume-photographiie.fr\/index.php\/wp-json\/wp\/v2\/users\/1"}],"replies":[{"embeddable":true,"href":"https:\/\/guillaume-photographiie.fr\/index.php\/wp-json\/wp\/v2\/comments?post=122"}],"version-history":[{"count":3,"href":"https:\/\/guillaume-photographiie.fr\/index.php\/wp-json\/wp\/v2\/pages\/122\/revisions"}],"predecessor-version":[{"id":478,"href":"https:\/\/guillaume-photographiie.fr\/index.php\/wp-json\/wp\/v2\/pages\/122\/revisions\/478"}],"wp:attachment":[{"href":"https:\/\/guillaume-photographiie.fr\/index.php\/wp-json\/wp\/v2\/media?parent=122"}],"curies":[{"name":"wp","href":"https:\/\/api.w.org\/{rel}","templated":true}]}}